{"id":360,"date":"2017-01-11T20:16:30","date_gmt":"2017-01-11T20:16:30","guid":{"rendered":"http:\/\/www.petervilfan.com\/?page_id=360"},"modified":"2017-01-16T11:51:09","modified_gmt":"2017-01-16T11:51:09","slug":"o-meni","status":"publish","type":"page","link":"https:\/\/www.petervilfan.com\/","title":{"rendered":"O meni"},"content":{"rendered":"<div style=\"float:left; padding-bottom:10px; padding-right: 20px; \"><img decoding=\"async\" src=\"\/\/www.petervilfan.com\/wp-content\/uploads\/2017\/01\/o_meni1.jpg\"><\/div>\n<p>Rojen 29. 06. 1957 v Mariboru, kjer sem pre\u017eivel otro\u0161tvo, kon\u010dal osnovno in srednjo \u0161olo. V petem razredu osnovne \u0161ole sem prvi\u010d pri\u0161el v kontakt s ko\u0161arko in tudi za\u010del z rednim treniranjem, od takrat pa je ko\u0161arka sestavni del mojega \u017eivljenja. \u017de zelo mlad sem bil uvr\u0161\u010den v razne selekcije takratne Jugoslavije, z devetnajstimi sem se preselil v Split in zaigral za Jugoplastiko. Sledila so prva velika tekmovanja z reprezentanco, tudi prve medalje z vrhuncem na svetovnem prvenstvu l. 1978 v Manili in naslovom svetovnega prvaka. L. 1979 sem se vrnil v Slovenijo k Olimpiji, vmes zaigral za beograjski Partizan v sezoni 1985\/86, leta 1992 pa postal prvi kapetan slovenske ko\u0161arkarske reprezentance po osamosvojitvi. Kariero sem zaklju\u010dil istega leta\u2026<\/p>\n","protected":false},"excerpt":{"rendered":"<p>Rojen 29. 06. 1957 v Mariboru, kjer sem pre\u017eivel otro\u0161tvo, kon\u010dal osnovno in srednjo \u0161olo. V petem razredu osnovne \u0161ole sem prvi\u010d pri\u0161el v kontakt s ko\u0161arko in tudi za\u010del z rednim treniranjem, od takrat pa je ko\u0161arka sestavni del mojega \u017eivljenja. \u017de zelo mlad sem bil uvr\u0161\u010den v razne selekcije takratne Jugoslavije, z devetnajstimi [&hellip;]<\/p>\n","protected":false},"author":1,"featured_media":0,"parent":0,"menu_order":0,"comment_status":"closed","ping_status":"closed","template":"","meta":{"_themeisle_gutenberg_block_has_review":false,"footnotes":""},"class_list":["post-360","page","type-page","status-publish","hentry"],"_links":{"self":[{"href":"https:\/\/www.petervilfan.com\/index.php?rest_route=\/wp\/v2\/pages\/360","targetHints":{"allow":["GET"]}}],"collection":[{"href":"https:\/\/www.petervilfan.com\/index.php?rest_route=\/wp\/v2\/pages"}],"about":[{"href":"https:\/\/www.petervilfan.com\/index.php?rest_route=\/wp\/v2\/types\/page"}],"author":[{"embeddable":true,"href":"https:\/\/www.petervilfan.com\/index.php?rest_route=\/wp\/v2\/users\/1"}],"replies":[{"embeddable":true,"href":"https:\/\/www.petervilfan.com\/index.php?rest_route=%2Fwp%2Fv2%2Fcomments&post=360"}],"version-history":[{"count":7,"href":"https:\/\/www.petervilfan.com\/index.php?rest_route=\/wp\/v2\/pages\/360\/revisions"}],"predecessor-version":[{"id":373,"href":"https:\/\/www.petervilfan.com\/index.php?rest_route=\/wp\/v2\/pages\/360\/revisions\/373"}],"wp:attachment":[{"href":"https:\/\/www.petervilfan.com\/index.php?rest_route=%2Fwp%2Fv2%2Fmedia&parent=360"}],"curies":[{"name":"wp","href":"https:\/\/api.w.org\/{rel}","templated":true}]}}

<div style="float:left; padding-bottom:10px; padding-right: 20px; "><img decoding="async" src="//www.petervilfan.com/wp-content/uploads/2017/01/o_meni1.jpg"></div>
<p>Rojen 29. 06. 1957 v Mariboru, kjer sem preživel otroštvo, končal osnovno in srednjo šolo. V petem razredu osnovne šole sem prvič prišel v kontakt s košarko in tudi začel z rednim treniranjem, od takrat pa je košarka sestavni del mojega življenja. Že zelo mlad sem bil uvrščen v razne selekcije takratne Jugoslavije, z devetnajstimi sem se preselil v Split in zaigral za Jugoplastiko. Sledila so prva velika tekmovanja z reprezentanco, tudi prve medalje z vrhuncem na svetovnem prvenstvu l. 1978 v Manili in naslovom svetovnega prvaka. L. 1979 sem se vrnil v Slovenijo k Olimpiji, vmes zaigral za beograjski Partizan v sezoni 1985/86, leta 1992 pa postal prvi kapetan slovenske košarkarske reprezentance po osamosvojitvi. Kariero sem zaključil istega leta…</p>

<p>Rojen 29. 06. 1957 v Mariboru, kjer sem preživel otroštvo, končal osnovno in srednjo šolo. V petem razredu osnovne šole sem prvič prišel v kontakt s košarko in tudi začel z rednim treniranjem, od takrat pa je košarka sestavni del mojega življenja. Že zelo mlad sem bil uvrščen v razne selekcije takratne Jugoslavije, z devetnajstimi [&hellip;]</p>
